eatest common divisor of 620858 and 347578.
854
What is the highest common divisor of 2620904 and 36556?
52
Calculate the greatest common factor of 390103219 and 883.
883
What is the highest common divisor of 3505856 and 72?
8
What is the greatest common divisor of 1509 and 10505658?
1509
What is the highest common factor of 74028264 and 24?
24
What is the highest common divisor of 1417 and 8925683?
1417
Calculate the greatest common divisor of 1305 and 2415265.
145
Calculate the greatest common factor of 4288390 and 4214.
86
Calculate the greatest common divisor of 1425408 and 249.
3
What is the greatest common factor of 4524464 and 100352?
784
Calculate the highest common factor of 204944 and 68.
4
What is the highest common divisor of 1140 and 84380?
20
What is the greatest common factor of 175152 and 42968?
328
What is the highest common divisor of 318 and 26944882?
106
What is the greatest common divisor of 260077 and 80872?
919
What is the highest common factor of 8976436 and 19?
19
What is the highest common divisor of 688176 and 10148?
236
Calculate the greatest common factor of 1322214611 and 43.
43
What is the highest common divisor of 3147351905 and 185?
185
Calculate the greatest common factor of 60 and 104450340.
60
What is the highest common divisor of 969 and 1169184?
57
What is the highest common divisor of 414 and 93591?
9
What is the greatest common divisor of 11050 and 69066478?
442
Calculate the greatest common divisor of 432 and 1518021.
27
Calculate the greatest common divisor of 21862 and 294678.
34
What is the greatest common divisor of 20695 and 13315?
5
What is the greatest common divisor of 82474126 and 154?
14
Calculate the highest common divisor of 740920036 and 5660.
1132
Calculate the greatest common factor of 34857 and 14769.
27
Calculate the highest common divisor of 3230 and 27188525.
1615
What is the highest common factor of 2079 and 45370710?
693
What is the highest common divisor of 826500 and 31320?
1740
What is the highest common divisor of 12123884 and 52?
4
What is the greatest common divisor of 783800 and 10840?
40
Calculate the greatest common factor of 1814945 and 54725.
55
Calculate the highest common divisor of 159873 and 1283009.
161
Calculate the greatest common factor of 1198000159 and 251.
251
What is the greatest common divisor of 6880483 and 259?
37
What is the greatest common divisor of 1476 and 3116328?
492
Calculate the highest common factor of 4554 and 710286.
138
What is the highest common factor of 1766 and 10216?
2
Calculate the greatest common factor of 105 and 215201.
7
Calculate the highest common factor of 56 and 458770228.
28
Calculate the greatest common divisor of 86171540 and 1456.
364
What is the highest common factor of 172000 and 248712?
344
What is the highest common factor of 1311621 and 18377?
23
What is the greatest common divisor of 918 and 376654023?
459
Calculate the highest common divisor of 1269825 and 8115.
15
What is the highest common factor of 3154800 and 8400?
1200
Calculate the highest common divisor of 94560109 and 14.
7
Calculate the highest common factor of 1958605 and 44693.
2629
What is the highest common divisor of 6745712 and 32?
16
What is the highest common factor of 55 and 7806964?
11
What is the greatest common factor of 1322216 and 15680?
392
What is the greatest common divisor of 4530516 and 24?
12
What is the greatest common factor of 19522 and 17493528?
454
Calculate the highest common divisor of 452 and 10774.
2
Calculate the greatest common factor of 3617784 and 165240.
1944
Calculate the greatest common factor of 32190 and 6430.
10
Calculate the highest common divisor of 6672 and 7645278.
834
Calculate the highest common factor of 2623 and 9892107.
43
What is the greatest common divisor of 51880270 and 130?
130
Calculate the highest common divisor of 157176 and 50364.
36
Calculate the highest common factor of 16254 and 19799694.
2322
Calculate the highest common divisor of 1447831 and 43813.
77
What is the greatest common factor of 6862734 and 9657?
261
What is the highest common factor of 94496 and 14128?
16
Calculate the greatest common factor of 2723 and 1960949.
389
What is the highest common divisor of 7874744 and 12926?
562
Calculate the greatest common divisor of 1408256 and 256.
256
Calculate the highest common factor of 4622 and 122628593.
2311
Calculate the greatest common divisor of 8051732 and 260.
52
What is the highest common divisor of 1167 and 583500?
1167
What is the greatest common divisor of 655677 and 10890099?
3663
What is the highest common factor of 42522104 and 48?
8
What is the greatest common factor of 60351696 and 264?
24
What is the highest common divisor of 3838 and 1486066?
38
What is the highest common factor of 477 and 102409886?
53
What is the highest common factor of 2936 and 173288592?
2936
What is the highest common factor of 18468 and 774840?
12
What is the greatest common factor of 49350 and 3727617?
141
Calculate the greatest common factor of 765 and 26767503.
153
Calculate the highest common factor of 249848007 and 237.
237
What is the highest common factor of 1176105 and 1378965?
2415
What is the greatest common factor of 1713024 and 24696?
72
Calculate the highest common divisor of 75 and 102482025.
75
Calculate the highest common divisor of 600 and 95798200.
200
Calculate the greatest common factor of 1367297466 and 5646.
5646
What is the highest common factor of 3628911 and 251680?
1573
Calculate the highest common factor of 599622 and 38544.
438
What is the highest common divisor of 409282524 and 1512?
756
Calculate the greatest common divisor of 4575538 and 682.
682
What is the highest common divisor of 162 and 11016414?
18
What is the highest common divisor of 26159 and 85080279?
3737
Calculate the highest common factor of 226038 and 54458.
746
Calculate the highest common factor of 158103954 and 410.
82
What is the highest common factor of 34160 and 160400?
80
Calculate the greatest common divisor of 14459 and 6123006.
761
What is the highest common divisor of 23937 and 249?
3
Calculate the highest common divisor of 1162351 and 198559.
2231
Calculate the greatest common divisor of 43078419 and 4545.
909
What is the highest common divisor of 371412 and 942894?
1026
Calculate the highest common factor of 24559 and 197670.
599
What is the greatest common divisor of 29552040 and 461262?
7818
Calculate the highest common divisor of 7178 and 798349.
37
What is the highest common divisor of 5347230 and 6720?
210
What is the greatest common divisor of 290754727 and 71?
71
Calculate the highest common divisor of 204431455 and 10.
5
Calculate the greatest common factor of 4104 and 244669536.
1368
Calculate the greatest common factor of 159788 and 212741.
929
Calculate the highest common divisor of 409741 and 1988.
71
Calculate the highest common divisor of 31752 and 115992.
648
What is the highest common factor of 114500 and 19081196?
916
What is the highest common factor of 990 and 1248030?
90
What is the highest common divisor of 546595 and 513130?
11155
Calculate the greatest common divisor of 659246 and 6054734.
3038
What is the greatest common factor of 184614 and 606?
6
Calculate the highest common factor of 899760 and 90.
30
What is the greatest common factor of 27275 and 16525?
25
What is the highest common factor of 21163126 and 6590?
1318
What is the highest common factor of 156 and 204040252?
52
Calculate the greatest common divisor of 19242 and 138150.
18
Calculate the highest common divisor of 272 and 162800384.
16
Calculate the highest common divisor of 4935836 and 411.
137
Calculate the highest common divisor of 8184 and 20717796.
4092
What is the greatest common factor of 5 and 1739587?
1
What is the highest common factor of 23653 and 375193?
217
Calculate the highest common divisor of 9650 and 81440210.
1930
Calculate the highest common divisor of 2998 and 17944529.
1499
Calculate the highest common factor of 97333176 and 312.
24
Calculate the greatest common divisor of 1105 and 70792488.
221
Calculate the highest common factor of 9385413 and 20547.
2283
Calculate the greatest common factor of 173 and 29790427.
173
Calculate the greatest common divisor of 4649293 and 494099.
5953
Wha